[INFO] cloning repository https://github.com/Koltraine/RustBox
[INFO] running `Command { std: "git" "-c" "credential.helper=" "-c" "credential.helper=/workspace/cargo-home/bin/git-credential-null" "clone" "--bare" "https://github.com/Koltraine/RustBox" "/workspace/cache/git-repos/https%3A%2F%2Fgithub.com%2FKoltraine%2FRustBox", kill_on_drop: false }`
[INFO] [stderr] Cloning into bare repository '/workspace/cache/git-repos/https%3A%2F%2Fgithub.com%2FKoltraine%2FRustBox'...
[INFO] running `Command { std: "git" "rev-parse" "HEAD", kill_on_drop: false }`
[INFO] [stdout] d0c779d87ed0dc947206d36f71c52b206d2638a9
[INFO] checking Koltraine/RustBox against try#72f88fc4e9458f89516a0b8b0868f3718aec5b47 for pr-74989
[INFO] running `Command { std: "git" "clone" "/workspace/cache/git-repos/https%3A%2F%2Fgithub.com%2FKoltraine%2FRustBox" "/workspace/builds/worker-5/source", kill_on_drop: false }`
[INFO] [stderr] Cloning into '/workspace/builds/worker-5/source'...
[INFO] [stderr] done.
[INFO] validating manifest of git repo https://github.com/Koltraine/RustBox on toolchain 72f88fc4e9458f89516a0b8b0868f3718aec5b47
[INFO] running `Command { std: "/workspace/cargo-home/bin/cargo" "+72f88fc4e9458f89516a0b8b0868f3718aec5b47" "read-manifest" "--manifest-path" "Cargo.toml", kill_on_drop: false }`
[INFO] started tweaking git repo https://github.com/Koltraine/RustBox
[INFO] finished tweaking git repo https://github.com/Koltraine/RustBox
[INFO] tweaked toml for git repo https://github.com/Koltraine/RustBox written to /workspace/builds/worker-5/source/Cargo.toml
[INFO] crate git repo https://github.com/Koltraine/RustBox already has a lockfile, it will not be regenerated
[INFO] running `Command { std: "/workspace/cargo-home/bin/cargo" "+72f88fc4e9458f89516a0b8b0868f3718aec5b47" "fetch" "--locked" "--manifest-path" "Cargo.toml", kill_on_drop: false }`
[INFO] [stderr]  Downloading crates ...
[INFO] [stderr]   Downloaded gl v0.6.1
[INFO] [stderr]   Downloaded base64 v0.1.1
[INFO] [stderr]   Downloaded arrayvec v0.3.23
[INFO] [stderr]   Downloaded generic-array v0.2.1
[INFO] [stderr]   Downloaded vecmath v0.3.0
[INFO] [stderr]   Downloaded daggy v0.4.1
[INFO] [stderr]   Downloaded alga v0.5.1
[INFO] [stderr]   Downloaded conrod v0.52.0
[INFO] [stderr]   Downloaded petgraph v0.2.9
[INFO] [stderr]   Downloaded ncollide_procedural v0.6.0
[INFO] [stderr]   Downloaded gfx v0.16.0
[INFO] [stderr]   Downloaded nodrop v0.1.9
[INFO] [stderr]   Downloaded linked-hash-map v0.0.10
[INFO] [stderr]   Downloaded rusttype v0.2.1
[INFO] [stderr]   Downloaded fixedbitset v0.1.6
[INFO] [stderr]   Downloaded fps_counter v0.2.0
[INFO] [stderr]   Downloaded gcc v0.3.46
[INFO] [stderr]   Downloaded gfx_core v0.7.1
[INFO] [stderr]   Downloaded draw_state v0.7.0
[INFO] [stderr]   Downloaded nalgebra v0.11.2
[INFO] [stderr]   Downloaded ncollide_geometry v0.3.0
[INFO] [stderr]   Downloaded ncollide_math v0.6.0
[INFO] [stderr]   Downloaded piston2d-sprite v0.36.0
[INFO] [stderr]   Downloaded deflate v0.7.10
[INFO] [stderr]   Downloaded piston_window v0.66.0
[INFO] [stderr]   Downloaded nphysics2d v0.6.1
[INFO] [stderr]   Downloaded piston2d-gfx_graphics v0.40.0
[INFO] [stderr]   Downloaded ncollide_pipeline v0.10.0
[INFO] [stderr]   Downloaded piston-gfx_texture v0.24.0
[INFO] [stderr]   Downloaded ncollide_utils v0.6.0
[INFO] [stderr]   Downloaded typenum v1.8.0
[INFO] [stderr]   Downloaded ncollide_transformation v0.6.0
[INFO] [stderr]   Downloaded ncollide v0.11.0
[INFO] [stderr]   Downloaded piston-ai_behavior v0.20.0
[INFO] [stderr]   Downloaded gfx_device_gl v0.14.0
[INFO] [stderr]   Downloaded tiled v0.5.1
[INFO] running `Command { std: "docker" "create" "-v" "/var/lib/crater-agent-workspace/builds/worker-5/target:/opt/rustwide/target:rw,Z" "-v" "/var/lib/crater-agent-workspace/builds/worker-5/source:/opt/rustwide/workdir:ro,Z" "-v" "/var/lib/crater-agent-workspace/cargo-home:/opt/rustwide/cargo-home:ro,Z" "-v" "/var/lib/crater-agent-workspace/rustup-home:/opt/rustwide/rustup-home:ro,Z" "-e" "SOURCE_DIR=/opt/rustwide/workdir" "-e" "CARGO_TARGET_DIR=/opt/rustwide/target" "-e" "CARGO_HOME=/opt/rustwide/cargo-home" "-e" "RUSTUP_HOME=/opt/rustwide/rustup-home" "-w" "/opt/rustwide/workdir" "-m" "1610612736" "--user" "0:0" "--network" "none" "rustops/crates-build-env@sha256:d92eaeed33fa75130ca1ee6c8a01d1ffb62bac859dfdfb3450e3e5d1c0146529" "/opt/rustwide/cargo-home/bin/cargo" "+72f88fc4e9458f89516a0b8b0868f3718aec5b47" "metadata" "--no-deps" "--format-version=1", kill_on_drop: false }`
[INFO] [stdout] 5ea9b8c191dc66f06e21984e89e21bc8fddafcd971666d222338863f8efdd646
[INFO] [stderr] WARNING: Your kernel does not support swap limit capabilities or the cgroup is not mounted. Memory limited without swap.
[INFO] running `Command { std: "docker" "start" "-a" "5ea9b8c191dc66f06e21984e89e21bc8fddafcd971666d222338863f8efdd646", kill_on_drop: false }`
[INFO] running `Command { std: "docker" "inspect" "5ea9b8c191dc66f06e21984e89e21bc8fddafcd971666d222338863f8efdd646", kill_on_drop: false }`
[INFO] running `Command { std: "docker" "rm" "-f" "5ea9b8c191dc66f06e21984e89e21bc8fddafcd971666d222338863f8efdd646", kill_on_drop: false }`
[INFO] [stdout] 5ea9b8c191dc66f06e21984e89e21bc8fddafcd971666d222338863f8efdd646
[INFO] running `Command { std: "docker" "create" "-v" "/var/lib/crater-agent-workspace/builds/worker-5/target:/opt/rustwide/target:rw,Z" "-v" "/var/lib/crater-agent-workspace/builds/worker-5/source:/opt/rustwide/workdir:ro,Z" "-v" "/var/lib/crater-agent-workspace/cargo-home:/opt/rustwide/cargo-home:ro,Z" "-v" "/var/lib/crater-agent-workspace/rustup-home:/opt/rustwide/rustup-home:ro,Z" "-e" "SOURCE_DIR=/opt/rustwide/workdir" "-e" "CARGO_TARGET_DIR=/opt/rustwide/target" "-e" "CARGO_INCREMENTAL=0" "-e" "RUST_BACKTRACE=full" "-e" "RUSTFLAGS=--cap-lints=forbid" "-e" "CARGO_HOME=/opt/rustwide/cargo-home" "-e" "RUSTUP_HOME=/opt/rustwide/rustup-home" "-w" "/opt/rustwide/workdir" "-m" "1610612736" "--user" "0:0" "--network" "none" "rustops/crates-build-env@sha256:d92eaeed33fa75130ca1ee6c8a01d1ffb62bac859dfdfb3450e3e5d1c0146529" "/opt/rustwide/cargo-home/bin/cargo" "+72f88fc4e9458f89516a0b8b0868f3718aec5b47" "check" "--frozen" "--all" "--all-targets" "--message-format=json", kill_on_drop: false }`
[INFO] [stderr] WARNING: Your kernel does not support swap limit capabilities or the cgroup is not mounted. Memory limited without swap.
[INFO] [stdout] fd0556feadf0036dcd8482dcec981d3f8c24dc71dbb8c8d5dc4848e7690d3b31
[INFO] running `Command { std: "docker" "start" "-a" "fd0556feadf0036dcd8482dcec981d3f8c24dc71dbb8c8d5dc4848e7690d3b31", kill_on_drop: false }`
[INFO] [stderr]     Checking libc v0.2.19
[INFO] [stderr]     Checking rustc-serialize v0.3.22
[INFO] [stderr]     Checking num-traits v0.1.36
[INFO] [stderr]    Compiling bitflags v0.7.0
[INFO] [stderr]     Checking lazy_static v0.2.2
[INFO] [stderr]    Compiling phf_shared v0.7.20
[INFO] [stderr]     Checking bitflags v0.8.2
[INFO] [stderr]    Compiling itoa v0.1.1
[INFO] [stderr]    Compiling dtoa v0.2.2
[INFO] [stderr]    Compiling serde v0.8.22
[INFO] [stderr]    Compiling log v0.3.6
[INFO] [stderr]     Checking piston-float v0.3.0
[INFO] [stderr]    Compiling khronos_api v1.0.0
[INFO] [stderr]    Compiling typenum v1.8.0
[INFO] [stderr]     Checking approx v0.1.1
[INFO] [stderr]    Compiling gcc v0.3.46
[INFO] [stderr]    Compiling semver v0.1.20
[INFO] [stderr]    Compiling either v1.1.0
[INFO] [stderr]    Compiling unicode-xid v0.0.4
[INFO] [stderr]    Compiling rayon-core v1.0.0
[INFO] [stderr]    Compiling quote v0.3.15
[INFO] [stderr]    Compiling pkg-config v0.3.8
[INFO] [stderr]     Checking deque v0.3.2
[INFO] [stderr]     Checking piston-texture v0.5.0
[INFO] [stderr]     Checking odds v0.2.25
[INFO] [stderr]     Checking shader_version v0.2.2
[INFO] [stderr]     Checking byteorder v0.4.2
[INFO] [stderr]     Checking inflate v0.2.0
[INFO] [stderr]     Checking interpolation v0.1.0
[INFO] [stderr]     Checking read_color v0.1.0
[INFO] [stderr]     Checking lzw v0.10.0
[INFO] [stderr]     Checking linked-hash-map v0.0.10
[INFO] [stderr]    Compiling backtrace v0.3.0
[INFO] [stderr]     Checking fixedbitset v0.1.6
[INFO] [stderr]     Checking rustc-demangle v0.1.4
[INFO] [stderr]     Checking cfg-if v0.1.0
[INFO] [stderr]     Checking piston-shaders_graphics2d v0.3.1
[INFO] [stderr]     Checking base64 v0.1.1
[INFO] [stderr]     Checking fnv v1.0.5
[INFO] [stderr]     Checking find_folder v0.3.0
[INFO] [stderr]    Compiling dbghelp-sys v0.2.0
[INFO] [stderr]    Compiling xml-rs v0.3.5
[INFO] [stderr]     Checking draw_state v0.7.0
[INFO] [stderr]     Checking piston-viewport v0.3.0
[INFO] [stderr]     Checking vecmath v0.3.0
[INFO] [stderr]    Compiling phf v0.7.20
[INFO] [stderr]    Compiling itertools v0.5.10
[INFO] [stderr]     Checking deflate v0.7.10
[INFO] [stderr]    Compiling rand v0.3.15
[INFO] [stderr]     Checking num_cpus v1.4.0
[INFO] [stderr]     Checking shared_library v0.1.5
[INFO] [stderr]     Checking time v0.1.37
[INFO] [stderr]    Compiling rustc_version v0.1.7
[INFO] [stderr]    Compiling syn v0.10.8
[INFO] [stderr]     Checking num-integer v0.1.32
[INFO] [stderr]     Checking enum_primitive v0.1.1
[INFO] [stderr]     Checking stb_truetype v0.2.1
[INFO] [stderr]     Checking gif v0.9.1
[INFO] [stderr]     Checking petgraph v0.2.9
[INFO] [stderr]     Checking nodrop v0.1.9
[INFO] [stderr]     Checking itertools v0.6.0
[INFO] [stderr]    Compiling x11-dl v2.12.0
[INFO] [stderr]     Checking osmesa-sys v0.1.2
[INFO] [stderr]     Checking piston2d-graphics v0.21.1
[INFO] [stderr]     Checking num-iter v0.1.32
[INFO] [stderr]     Checking fps_counter v0.2.0
[INFO] [stderr]     Checking arrayvec v0.3.23
[INFO] [stderr]    Compiling tempfile v2.1.4
[INFO] [stderr]    Compiling backtrace-sys v0.1.10
[INFO] [stderr]    Compiling miniz-sys v0.1.9
[INFO] [stdout] error[E0034]: multiple applicable items in scope
[INFO] [stdout]    --> /opt/rustwide/cargo-home/registry/src/github.com-1ecc6299db9ec823/petgraph-0.2.9/src/graph.rs:421:21
[INFO] [stdout]     |
[INFO] [stdout] 421 |         assert!(Ix::max().index() == !0 || NodeIndex::end() != node_idx);
[INFO] [stdout]     |                     ^^^ multiple `max` found
[INFO] [stdout]     |
[INFO] [stdout] note: candidate #1 is defined in the trait `IndexType`
[INFO] [stdout]    --> /opt/rustwide/cargo-home/registry/src/github.com-1ecc6299db9ec823/petgraph-0.2.9/src/graph.rs:31:5
[INFO] [stdout]     |
[INFO] [stdout] 31  |     fn max() -> Self;
[INFO] [stdout]     |     ^^^^^^^^^^^^^^^^^
[INFO] [stdout] note: candidate #2 is defined in the trait `Ord`
[INFO] [stdout] help: disambiguate the associated function for candidate #1
[INFO] [stdout]     |
[INFO] [stdout] 421 |         assert!(IndexType::max().index() == !0 || NodeIndex::end() != node_idx);
[INFO] [stdout]     |                 ^^^^^^^^^^^^^^
[INFO] [stdout] help: disambiguate the associated function for candidate #2
[INFO] [stdout]     |
[INFO] [stdout] 421 |         assert!(Ord::max().index() == !0 || NodeIndex::end() != node_idx);
[INFO] [stdout]     |                 ^^^^^^^^
[INFO] [stdout] 
[INFO] [stdout] 
[INFO] [stdout] error[E0308]: mismatched types
[INFO] [stdout]    --> /opt/rustwide/cargo-home/registry/src/github.com-1ecc6299db9ec823/petgraph-0.2.9/src/graph.rs:421:38
[INFO] [stdout]     |
[INFO] [stdout] 374 | impl<N, E, Ty, Ix> Graph<N, E, Ty, Ix>
[INFO] [stdout]     |                -- this type parameter
[INFO] [stdout] ...
[INFO] [stdout] 421 |         assert!(Ix::max().index() == !0 || NodeIndex::end() != node_idx);
[INFO] [stdout]     |                                      ^^ expected type parameter `Ix`, found integer
[INFO] [stdout]     |
[INFO] [stdout]     = note: expected type parameter `Ix`
[INFO] [stdout]                          found type `{integer}`
[INFO] [stdout] 
[INFO] [stdout] 
[INFO] [stdout] error[E0034]: multiple applicable items in scope
[INFO] [stdout]    --> /opt/rustwide/cargo-home/registry/src/github.com-1ecc6299db9ec823/petgraph-0.2.9/src/graph.rs:458:21
[INFO] [stdout]     |
[INFO] [stdout] 458 |         assert!(Ix::max().index() == !0 || EdgeIndex::end() != edge_idx);
[INFO] [stdout]     |                     ^^^ multiple `max` found
[INFO] [stdout]     |
[INFO] [stdout] note: candidate #1 is defined in the trait `IndexType`
[INFO] [stdout]    --> /opt/rustwide/cargo-home/registry/src/github.com-1ecc6299db9ec823/petgraph-0.2.9/src/graph.rs:31:5
[INFO] [stdout]     |
[INFO] [stdout] 31  |     fn max() -> Self;
[INFO] [stdout]     |     ^^^^^^^^^^^^^^^^^
[INFO] [stdout] note: candidate #2 is defined in the trait `Ord`
[INFO] [stdout] help: disambiguate the associated function for candidate #1
[INFO] [stdout]     |
[INFO] [stdout] 458 |         assert!(IndexType::max().index() == !0 || EdgeIndex::end() != edge_idx);
[INFO] [stdout]     |                 ^^^^^^^^^^^^^^
[INFO] [stdout] help: disambiguate the associated function for candidate #2
[INFO] [stdout]     |
[INFO] [stdout] 458 |         assert!(Ord::max().index() == !0 || EdgeIndex::end() != edge_idx);
[INFO] [stdout]     |                 ^^^^^^^^
[INFO] [stdout] 
[INFO] [stdout] 
[INFO] [stdout] error[E0308]: mismatched types
[INFO] [stdout]    --> /opt/rustwide/cargo-home/registry/src/github.com-1ecc6299db9ec823/petgraph-0.2.9/src/graph.rs:458:38
[INFO] [stdout]     |
[INFO] [stdout] 374 | impl<N, E, Ty, Ix> Graph<N, E, Ty, Ix>
[INFO] [stdout]     |                -- this type parameter
[INFO] [stdout] ...
[INFO] [stdout] 458 |         assert!(Ix::max().index() == !0 || EdgeIndex::end() != edge_idx);
[INFO] [stdout]     |                                      ^^ expected type parameter `Ix`, found integer
[INFO] [stdout]     |
[INFO] [stdout]     = note: expected type parameter `Ix`
[INFO] [stdout]                          found type `{integer}`
[INFO] [stdout] 
[INFO] [stdout] 
[INFO] [stderr]    Compiling gl_generator v0.5.2
[INFO] [stderr]    Compiling wayland-scanner v0.8.7
[INFO] [stderr]     Checking fs2 v0.2.5
[INFO] [stderr]     Checking png v0.7.0
[INFO] [stderr]    Compiling phf_generator v0.7.20
[INFO] [stdout] error: aborting due to 4 previous errors
[INFO] [stdout] 
[INFO] [stdout] 
[INFO] [stdout] Some errors have detailed explanations: E0034, E0308.
[INFO] [stdout] 
[INFO] [stdout] For more information about an error, try `rustc --explain E0034`.
[INFO] [stdout] 
[INFO] [stderr] error: could not compile `petgraph`.
[INFO] [stderr] 
[INFO] [stderr] To learn more, run the command again with --verbose.
[INFO] [stderr] warning: build failed, waiting for other jobs to finish...
[INFO] [stderr] error: build failed
[INFO] running `Command { std: "docker" "inspect" "fd0556feadf0036dcd8482dcec981d3f8c24dc71dbb8c8d5dc4848e7690d3b31", kill_on_drop: false }`
[INFO] running `Command { std: "docker" "rm" "-f" "fd0556feadf0036dcd8482dcec981d3f8c24dc71dbb8c8d5dc4848e7690d3b31", kill_on_drop: false }`
[INFO] [stdout] fd0556feadf0036dcd8482dcec981d3f8c24dc71dbb8c8d5dc4848e7690d3b31
